690425?
3
What is the thousands digit of 1806746458?
6
What is the billions digit of 1485966777?
1
What is the thousands digit of 64397884?
7
What is the tens digit of 777807448?
4
What is the billions digit of 1414497206?
1
What is the tens digit of 715719035?
3
What is the units digit of 53089044?
4
What is the ten millions digit of 868137393?
6
What is the hundreds digit of 48419243?
2
What is the units digit of 1159500?
0
What is the units digit of 205593225?
5
What is the hundred thousands digit of 695596562?
5
What is the hundred thousands digit of 68728881?
7
What is the hundred thousands digit of 49263420?
2
What is the hundreds digit of 2047299537?
5
What is the ten thousands digit of 75074884?
7
What is the billions digit of 1857938514?
1
What is the hundred millions digit of 1626368906?
6
What is the hundreds digit of 11973300?
3
What is the millions digit of 258928787?
8
What is the millions digit of 2163020911?
3
What is the hundred thousands digit of 13542112?
5
What is the hundred thousands digit of 30088747?
0
What is the ten millions digit of 156653597?
5
What is the hundred millions digit of 5452913887?
4
What is the hundred thousands digit of 816077399?
0
What is the units digit of 659881594?
4
What is the millions digit of 657142213?
7
What is the ten millions digit of 51505478?
5
What is the thousands digit of 29914850?
4
What is the ten thousands digit of 224052128?
5
What is the units digit of 1211596782?
2
What is the thousands digit of 23140147?
0
What is the units digit of 13630557?
7
What is the millions digit of 519119163?
9
What is the hundreds digit of 60214031?
0
What is the hundred millions digit of 2743526647?
7
What is the hundred thousands digit of 152642652?
6
What is the millions digit of 909299180?
9
What is the hundred thousands digit of 238698312?
6
What is the hundred millions digit of 114725753?
1
What is the millions digit of 601798271?
1
What is the thousands digit of 66691018?
1
What is the hundred thousands digit of 1799946?
7
What is the ten millions digit of 102323747?
0
What is the tens digit of 34604572?
7
What is the thousands digit of 44195909?
5
What is the tens digit of 2846659055?
5
What is the tens digit of 300530164?
6
What is the ten millions digit of 234997277?
3
What is the thousands digit of 1826617702?
7
What is the units digit of 88255323?
3
What is the millions digit of 29071109?
9
What is the tens digit of 308967791?
9
What is the ten millions digit of 44892641?
4
What is the millions digit of 87604819?
7
What is the tens digit of 491445990?
9
What is the units digit of 652451675?
5
What is the units digit of 4324346168?
8
What is the tens digit of 39154823?
2
What is the units digit of 5000964887?
7
What is the ten thousands digit of 183617730?
1
What is the hundred thousands digit of 66510267?
5
What is the thousands digit of 1250434629?
4
What is the hundred thousands digit of 178934207?
9
What is the millions digit of 1054220312?
4
What is the hundred thousands digit of 13688167?
6
What is the hundred thousands digit of 294096564?
0
What is the units digit of 106266099?
9
What is the ten millions digit of 865021547?
6
What is the millions digit of 5297543728?
7
What is the ten thousands digit of 663215825?
1
What is the millions digit of 2602106?
2
What is the billions digit of 1353792747?
1
What is the ten thousands digit of 116613195?
1
What is the thousands digit of 190013673?
3
What is the thousands digit of 1320287720?
7
What is the billions digit of 1422186430?
1
What is the tens digit of 20047872?
7
What is the units digit of 34550261?
1
What is the thousands digit of 865499?
5
What is the units digit of 32227853?
3
What is the hundred millions digit of 2959290375?
9
What is the tens digit of 57615728?
2
What is the tens digit of 28616884?
8
What is the ten thousands digit of 658761026?
6
What is the hundred thousands digit of 888205941?
2
What is the thousands digit of 353325627?
5
What is the units digit of 62274242?
2
What is the millions digit of 77261139?
7
What is the hundreds digit of 39704589?
5
What is the hundred millions digit of 322816735?
3
What is the millions digit of 534492834?
4
What is the ten thousands digit of 825851287?
5
What is the hundred thousands digit of 125981555?
9
What is the hundreds digit of 27212255?
2
What is the tens digit of 123821506?
0
What is the hundred thousands digit of 541442953?
4
What is the ten thousands digit of 584965269?
6
What is the millions digit of 597006130?
7
What is the ten millions digit of 45265559?
4
What is the hundred millions digit of 471432875?
4
What is the hundreds digit of 2002494736?
7
What is the thousands digit of 48704713?
4
What is the hundreds digit of 343155601?
6
What is the thousands digit of 26385810?
5
What is the units digit of 223630706?
6
What is the ten millions digit of 121421098?
2
What is the hundred thousands digit of 135670994?
6
What is the ten millions digit of 464056564?
6
What is the units digit of 45874253?
3
What is the hundreds digit of 4395286648?
6
What is the thousands digit of 163221842?
1
What is the ten thousands digit of 26418298?
1
What is the ten millions digit of 1533866304?
3
What is the tens digit of 911679296?
9
What is the tens digit of 3329615?
1
What is the hundred thousands digit of 91520314?
5
What is the hundred thousands digit of 57537799?
5
What is the hundred millions digit of 367492338?
3
What is the billions digit of 1262300162?
1
What is the millions digit of 100979540?
0
What is the hundred thousands digit of 577467720?
4
What is the units digit of 70008171?
1
What is the hundreds digit of 673044720?
7
What is the ten millions digit of 407863405?
0
What is the thousands digit of 81353777?
3
What is the hundreds digit of 644584775?
7
What is the thousands digit of 585424147?
4
What is the ten thousands digit of 723445196?
4
What is the hundreds digit of 55687343?
3
What is the ten thousands digit of 452273833?
7
What is the units digit of 3309045?
5
What is the hundred thousands digit of 1385966397?
9
What is the thousands digit of 15558052?
8
What is the ten millions digit of 2505257365?
0
What is the units digit of 4841751?
1
What is the ten millions digit of 1156926611?
5
What is the ten millions digit of 337610906?
3
What is the units digit of 50279815?
5
What is the units digit of 42853491?
1
What is the thousands digit of 315875153?
5
What is the hundred thousands digit of 13291300?
2
What is the units digit of 35320982?
2
What is the ten millions digit of 32232067?
3
What is the thousands digit of 16674195?
4
What is the tens digit of 686387203?
0
What is the hundred thousands digit of 715298388?
2
What is the hundreds digit of 110997361?
3
What is the tens digit of 87158551?
5
What is the ten thousands digit of 52522205?
2
What is the thousands digit of 80031386?
1
What is the hundreds digit of 53873706?
7
What is the millions digit of 2595731642?
5
What is the tens digit of 510330757?
5
What is the millions digit of 24892135?
4
What is the thousands digit of 365340835?
0
What is the ten thousands digit of 386946870?
4
What is the millions digit of 144256151?
4
What is the hundreds digit of 481525779?
7
What is the hundreds digit of 131707839?
8
What is the hundred thousands digit of 40583337?
5
What is the tens digit of 5327657516?
1
What is the thousands digit of 112306650?
6
What is the tens digit of 2327059003?
0
What is the ten millions digit of 109960456?
0
What is the ten thousands digit of 12381832?
8
What is the units digit of 4123299891?
1
What is the hundred thousands digit of 37836084?
8
What is the thousands digit of 325987435?
7
What is the thousands digit of 186319424?
9
What is the millions digit of 60217094?
0
What is the hundreds digit of 1379897354?
3
What is the hundreds digit of 253549038?
0
What is the thousands digit of 36100547?
0
What is the hundred thousands digit of 480124738?
1
What is the hundreds digit of 138630245?
2
What is the millions digit of 1883740378?
3
What is the units digit of 927888637?
7
What is the ten thousands digit of 163042503?
4
What is the ten millions digit of 2462704442?
6
What is the hundred thousands digit of 9204140?
2
What is the hundreds digit of 35644502?
5
What is the thousands digi